 = 64*n. Calculate the highest common divisor of n and 47640.
120
Suppose 0 = -2*y + g + 112, -4*y + 8*g - 9*g + 212 = 0. Calculate the greatest common factor of y and 297.
27
Let j be -18 + 20 + (16 + -1)/1. Suppose -26*h + j*h = -3150. What is the highest common factor of h and 50?
50
Let w be 2/(-2)*(-7 - 5). Let n be 24/4 + 18*2/2. What is the highest common factor of w and n?
12
Suppose 548 = 42*f + 44. What is the highest common factor of f and 3396?
12
Let c(y) = 47*y - 4177. Let r be c(89). What is the greatest common factor of r and 766?
2
Let d(q) = -5*q + 64. Let u be d(-61). What is the greatest common factor of 984 and u?
123
Let w(p) = 7*p**2 - 39*p - 308. Let j be w(-7). What is the highest common divisor of j and 396?
44
Let a be 8 + 0 - (-615 - -19). What is the greatest common divisor of 8 and a?
4
Suppose -5*k - 102 - 23 = 0. Let w = 30 + k. Suppose 9*i - 8 = w*i. What is the highest common factor of i and 22?
2
Let g = -2345 + 2360. Calculate the highest common divisor of 33 and g.
3
Let h be (468 - 192) + -4 + 1. Calculate the greatest common divisor of h and 1027.
13
Let d = 52 - 20. Suppose 7*t - 9*t = -d. Suppose -8*w = -24 - t. Calculate the greatest common divisor of 20 and w.
5
Suppose 4*d - n - 264 + 75 = 0, 243 = 5*d + n. Calculate the greatest common factor of d and 416.
16
Let m(b) = 2*b**2 - 48*b + 202. Let y be m(23). What is the highest common factor of 364 and y?
52
Suppose 478 = k + 2*y, 47*k + 4*y = 43*k + 1892. Calculate the highest common factor of 364 and k.
52
Suppose 70*n + 15288 = -78*n + 239*n. What is the greatest common factor of 16 and n?
8
Let o be (-2)/7 + 428/28. Suppose y = -4*i + 1799, y = 4 - 1. Let a = i - 439. Calculate the highest common divisor of o and a.
5
Let a = 166 - 436. Let r = 474 + a. What is the highest common divisor of 51 and r?
51
Suppose -d = -6*d - 3*y - 889, -9 = 3*y. Let i be (-4)/20*d - (-12)/15. What is the greatest common divisor of 162 and i?
18
Let u be (-4 + 5 - 2)*(-5 + -1). Let k be ((-280)/(-15))/(u/9). Let v = -64 + 76. What is the highest common factor of k and v?
4
Let i = -192 - -194. Suppose 2*z + 3*w - 843 = 0, -i*z + 5*z + 4*w = 1262. What is the highest common divisor of z and 92?
46
Let h be (-26 - -27)/((5/5)/1720). What is the highest common divisor of h and 40?
40
Suppose 2*i - 1155 = -3*i. Let w be (-182900)/(-5580) + (-4)/(-18). Calculate the greatest common divisor of i and w.
33
Suppose -130*n + 1440 = -122*n. Suppose -91*w + 82*w + n = 0. What is the highest common divisor of w and 140?
20
Let f(q) = q**2 - q - 27. Let l be f(-5). Suppose 3*p + 4*z + 28 = 7*p, l*z = 4*p - 23. What is the greatest common divisor of p and 2?
2
Suppose -134*k = 134*k - 262*k - 46128. What is the greatest common divisor of k and 1736?
248
Suppose 23 = 3*a + 2. Suppose -1080 + 3598 = 16*d - 1226. Suppose 0 = -a*f + d + 270. What is the greatest common factor of f and 18?
18
Let v(u) = -548*u - 3094. Let y be v(-14). Calculate the greatest common divisor of 21 and y.
21
Let l be 45*(-2 + (-35)/(-15)). Suppose -47 + l = -x. Let q = 1 - -7. What is the highest common factor of q and x?
8
Suppose -3*w + 12 = -w. Suppose -7*b = -6*b - 88. Let x = b + -73. Calculate the highest common divisor of x and w.
3
Let d = 10467 + -10298. Let z be 8/(-2)*(-26)/8. Calculate the highest common factor of d and z.
13
Let z = -43 + 48. Let s be ((-1)/(-1))/(-4*z/(-40)). Suppose 4*t - 78 = -2*m + 22, -s*m = -t - 90. What is the highest common factor of m and 115?
23
Suppose 2137 = -15*q + 8017. Calculate the greatest common factor of q and 8680.
56
Let y(a) = -86*a**3 + 4*a**2 + 3*a + 1. Let l be y(-2). Suppose -3*t + l = 2*x, -1756 = -5*x + 4*t - 3*t. Calculate the highest common divisor of 13 and x.
13
Let a = -9846 + 12465. What is the highest common divisor of a and 27?
27
Let a(w) = 3 + 18*w**2 + 3*w**2 + 2 - 10*w**2 - 5*w. Let r be a(1). Calculate the highest common factor of r and 121.
11
Let a(o) = 7*o**2 - 25*o - 26. Let s(f) = 2*f**3 - 32*f**2 + 2*f - 27. Let i be s(16). Let z be a(i). What is the greatest common divisor of z and 112?
8
Suppose 2*c + 14 = -42 + 204. What is the highest common divisor of 10360 and c?
74
Let o = 9584 - 9528. What is the highest common factor of o and 18?
2
Let b = 146 - -296. Calculate the greatest common divisor of 527 and b.
17
Suppose 52*o - 78 = 39*o. Let t = -22 - -70. What is the greatest common factor of t and o?
6
Suppose 4*q - 7*q + 10*q = 70. Suppose -2*c - 35 = -7*c + i, 0 = -3*c - 2*i + 34. Calculate the greatest common factor of c and q.
2
Let l be 19 - (0 + (0 - 1)). Let x be (-200)/(-15)*(-87)/(-4). Let j = 310 - x. What is the highest common factor of l and j?
20
Let p(s) = -s**3 + 2*s**2 - 2*s + 158. Let k be p(0). Let x be (k - -1 - 6) + 3. Calculate the highest common divisor of x and 234.
78
Let v(l) = -661*l - 791. Let k be v(-2). What is the greatest common factor of k and 261?
9
Let c = 8858 + -7770. Calculate the highest common divisor of 96 and c.
32
Suppose 5*o + 57792 = -59*o. Let z = 1585 + o. Calculate the greatest common factor of z and 31.
31
Let u(p) = 4*p**2 + 55*p - 9. Let a(f) = f**2 + 2*f - 1. Let w(t) = -6*a(t) + u(t). Let g be w(21). Calculate the highest common factor of 135 and g.
9
Suppose 39*x + 20796 - 5976 = 0. Let a = x - -440. What is the greatest common divisor of a and 80?
20
Suppose h - 3*h = 0. Let j = 303 - 318. Let t = h - j. What is the highest common divisor of t and 75?
15
Suppose -44 = 33*i - 31*i. Let x be (4 + i/3)*-3. What is the highest common divisor of x and 35?
5
Let i(c) = -31*c - 1537. Let f be i(-55). What is the greatest common factor of 4632 and f?
24
Suppose -5*w = 3*g + 4, -4*w - 3*g - 1 - 4 = 0. Suppose -11*z + 360 = -212. Calculate the greatest common divisor of z and w.
1
Let z(r) = -16*r - 25. Let j be z(-8). Let y = -101 + j. Suppose -16 = -g - 0*g - 2*v, -2*v = 2*g - 24. What is the greatest common divisor of y and g?
2
Suppose 5*h - 3*g - 27 = 0, -3*g = 3 - 6. Calculate the greatest common divisor of 4563 and h.
3
Suppose 0 = 5*m + 10, -g + 4*g - 17 = m. Suppose g*a + 5*y = 65, 3*a + y = -2*a + 77. What is the greatest common divisor of a and 176?
16
Suppose 6 = 5*a - 14. Let j be (-2)/((-8)/a) + 2. Suppose -5*m + 0 + 165 = 0. What is the highest common factor of m and j?
3
Suppose 38*v + 2*v - 160 = 0. Suppose 7 = 2*q + g, v*q - 2*q + 2*g = 6. Let y be (-5)/((-15)/54) + 0. Calculate the highest common factor of q and y.
2
Let u(r) = r**3 - 12*r**2 - 2363*r + 146. Let b be u(-43). What is the greatest common divisor of 294 and b?
6
Let n(s) = -2*s**3 - 90*s**2 + 185*s + 54. Let g be n(-47). Calculate the greatest common factor of 60 and g.
15
Suppose x - 27 = -18. Suppose -x*o - 10*o = -76. What is the highest common factor of o and 2?
2
Suppose 5*a - 1709 = 2*r + 1575, 2*a - 1328 = -4*r. Calculate the highest common divisor of 84 and a.
14
Let w be (((-152)/2)/(-2))/1. Let x = w + -24. Let l be (-28752)/(-128) - (-80)/(-128). Calculate the highest common divisor of x and l.
14
Let m be 0/(-2) + (-1 - -67). Suppose 2*y - 149 = -83. Let i(u) = -2*u**3 + 68*u**2 - 66*u + 22. Let w be i(y). Calculate the greatest common factor of w and m.
22
Let c be 1 - -1058 - (10 + (0 - 10)). Calculate the highest common factor of 6 and c.
3
Let f = -44 + 54. Let i be ((-80)/24 - -3)/((-1)/12). Calculate the highest common divisor of i and f.
2
Let l be (-1 + 0/(-1))*(-18 + 17). Let s be (282/(-4))/(6/8). Let t be (-8)/24*(l + s). Calculate the greatest common factor of 248 and t.
31
Suppose 4*j - 968 = 3*k, 0*k = -3*k - 12. Suppose 0 = j*r - 251*r + 816. Calculate the greatest common factor of 1156 and r.
68
Let b(w) = -w**3 - 5*w**2 + 2*w + 18. Suppose 12 = 3*y - 5*y. Let o be b(y). What is the greatest common factor of o and 14?
14
Let l(b) = 261*b + 778. Let o be l(-1). Let n(j) = -2*j + 12. Let t be n(-5). What is the highest common factor of o and t?
11
Suppose 3*g = o - 49, -9*o = -4*g - 12*o - 87. Let b = 27 - g. What is the greatest common divisor of b and 36?
9
Let c(q) = -35*q + 31. Let a(y) = 176*y - 156. Let n(v) = -3*a(v) - 16*c(v). Let l be n(9). What is the greatest common divisor of l and 20?
20
Let x(d) = d**2 - 5*d. Let j be x(7). Let r be (3/12)/((-275)/40 + 7). 